3
Let w = -31 - -74. What is the tens digit of w?
4
Let b(f) = -2*f**2 - 3*f - 1. Let h be b(-3). What is the tens digit of (15/2)/((-5)/h)?
1
Let w(x) be the first derivative of -x**2/2 + 3*x + 11. Let a(z) = -z**2 - z + 5. Let h be a(-4). What is the units digit of w(h)?
0
Suppose 3*x = 5*u + 246, 2*u = -x - u + 82. What is the tens digit of x?
8
Let i(g) = g**3 - 3*g**2 - 2*g + 2. Suppose -3*o - 7 + 19 = 0. Let j be i(o). Let q = 14 - j. What is the units digit of q?
4
Let c = 1 - -1. Suppose -c*n + 3*n = -4*m + 70, -5*m + 86 = 2*n. What is the units digit of m?
8
What is the hundreds digit of (-4)/(-8) - (-253)/2?
1
Suppose -4*d = -4*o - 0*o, 0 = -3*d + o + 2. What is the units digit of d*(3 + -1) + 4?
6
What is the tens digit of 12/(-8)*(-1192)/12?
4
Let n(w) = w**2 + 2*w. Let t be n(-3). Let c be (15/9 - -1)*(-15)/(-10). Suppose -c*x + t*j = -23, 4*x - 29 = -0*j + j. What is the units digit of x?
8
Let r = 35 + -16. What is the units digit of r?
9
Suppose 32*l + 128 = 36*l. Suppose m + 4*m = -85. Let t = l + m. What is the units digit of t?
5
Suppose 2*c - 3*t = 13, 4*t = -1 - 11. Let d(a) = 5*a**2 - a - 2. What is the tens digit of d(c)?
1
Let u(g) = -g**2 + 9*g + 8. Let k be u(8). Let j = k - 0. What is the units digit of j?
6
Suppose 5*o + 146 + 39 = 0. Let y = o + 69. What is the units digit of y?
2
Let a(j) = -j**2 - 2*j. Let o be a(-3). Let y(v) = -3*v + 0 + 3 - 2*v + v. What is the tens digit of y(o)?
1
Suppose 5*k = k + 360. Suppose 3*p = -2*p - k. What is the units digit of (-4)/p + (-122)/(-18)?
7
Suppose -j + 4*v = 5*v + 20, -75 = 3*j - 2*v. What is the units digit of 0 + (0 + j)/(-1)?
3
Let z be ((-7)/(-2))/(2/28). Suppose 3*x = -2*o + 118, -x - o - 8 = -z. What is the units digit of x?
6
Let a(k) = -k**2 - 11*k - 3. What is the units digit of a(-8)?
1
Suppose 0 = 5*n + 2*f + 23, 0*f = -5*n + 4*f - 29. What is the units digit of (8/10)/((-1)/n)?
4
Suppose 4*l + 125 = 401. What is the tens digit of l?
6
What is the units digit of 3 - 202/(0 + -3 + 1)?
4
Suppose -j - 21 = 3*f - 5*f, -f + 2*j = -12. Let w be 26/f + (-4)/(-10). Suppose 5*h = w*g + 11, -31 = -5*g - 2*h - 2*h. What is the units digit of g?
3
Let m(i) = 7*i - 12. What is the units digit of m(6)?
0
Suppose s = -3*r - 2*r - 19, s - 5*r = -59. Let c = -18 - s. What is the units digit of c?
1
What is the tens digit of (-58597)/(-275) + 4/(-50)?
1
Suppose k = -y + 29 + 33, 3*k + 326 = 5*y. What is the units digit of y?
4
What is the units digit of (49/(-3))/((-1)/3)?
9
What is the tens digit of (-2)/(-5) + 1512/20?
7
Let n be 0/(-1) - (1 + -3). Suppose n*r - 48 = -5*a, -5*a + 3*r + 53 = -0*a. What is the tens digit of a?
1
Suppose -5*c = -5*b - 1240, 3*c + 5*b - 82 = 670. What is the tens digit of c?
4
Suppose -2*v = -k + 4*k - 291, 0 = v - 5*k - 139. What is the tens digit of v?
4
Suppose 3*d + 15 = 2*y - 0*d, -4*y = -2*d - 34. Suppose -19 = -2*f + y. What is the units digit of f?
4
Let b = 21 + -12. Let f be 12/(-2)*b/6. What is the units digit of (-43)/f + (-2)/(-9)?
5
Let v be 6*(8/6)/2. Suppose -1 = -v*b + 23. What is the units digit of b?
6
Suppose 0 = -4*x - 4*a + 3*a + 202, -98 = -2*x + a. Let b = -18 + x. What is the units digit of b?
2
Let d(j) = j**2 - 12*j + 34. What is the tens digit of d(15)?
7
Let t(f) = -f**2 + 2*f + 31. What is the units digit of t(0)?
1
Suppose -5*q - 25 = z + 2*z, 0 = 3*z + 3*q + 15. Let g(n) = n**2 - 5*n + 5. Let m be g(4). Let u = m - z. What is the units digit of u?
1
Let q be 3/(2/((-8)/(-6))). Suppose -g - 8 = -q*g. What is the units digit of g?
8
Suppose -20 - 40 = -3*m. What is the units digit of m?
0
Let p(z) = 4*z**2 - 5*z + 3. Let h be p(3). Suppose -h = -3*m + m. What is the units digit of m?
2
Suppose 0 = 3*k + k + 4*s - 92, 0 = -2*s - 8. What is the tens digit of k?
2
Let t(l) = l - 12. Let b be t(0). What is the tens digit of 3/14*b*-7?
1
Suppose 4*z = 4*y + 44, 0*y - 91 = -5*z - 4*y. Let p = -11 + z. What is the units digit of 9/(-3)*-1 + p?
7
Let v(c) = c**2. Let p(s) = -2*s - 7. Let r be p(-5). What is the units digit of v(r)?
9
Let k = -4 + 7. Suppose -7*w + 2*w - k*a = -55, -22 = -2*w + 3*a. What is the tens digit of w?
1
Let o(x) = -x**3 - 7*x**2 - 2*x + 1. Let q be o(-7). Suppose 6*c = c - q. What is the units digit of (1 - -1)*c/(-6)?
1
Let h(q) = -3*q + 2. Let u be h(2). What is the units digit of u/(-10) + 196/35?
6
Let t = -12 - -14. Suppose -6*r = -t*r - 36. What is the units digit of r?
9
Suppose -2*w = -6*w - 16. Let h = w + 2. Let u = h - -10. What is the units digit of u?
8
Let p(y) = -5*y - 2. Let l(c) = -c. Let h(x) = 2*l(x) - p(x). Let r be h(-2). Let m = 2 - r. What is the units digit of m?
6
Suppose 0 = 4*v + 47 - 119. Suppose 30 = 3*g + 5*h, -5*g + h - 3*h + 31 = 0. Suppose o = 2*w + 7, 4*o - g*w - v = 13. What is the units digit of o?
9
Let k be 2/(-5) - (-44)/10. Suppose 2*z = -3*j - 3, k*z - 5*j - 65 = -16. Suppose 15 = -t + z*t. What is the units digit of t?
3
Let p = -14 - -8. What is the units digit of (-3)/((-3)/(-192)*p)?
2
Suppose -3*f + 147 = 3*j, j + j - 91 = 5*f. What is the units digit of j?
8
Let x(j) = -7*j**3 + j**2 + 3*j + 2. Let z be x(-2). Let i be (-45)/10*z/(-3). Suppose 5*t - 1 = i. What is the tens digit of t?
1
What is the units digit of (-79)/(-2) + -1 + (-3)/(-2)?
0
Let r = -94 - -158. What is the tens digit of r?
6
Suppose 4*o - 6 - 2 = 0. Let n be (8/(-10))/(o/(-5)). Suppose -2*q + 4 = n*q. What is the units digit of q?
1
Let m be 25/(-3)*(4 - 7). Suppose -5*j = 5*n - 0*n - 90, 5*n = -m. What is the units digit of j?
3
Let k be (0 - -1)*(4 - 0). Suppose 5*q = -5*b + 2*q + 12, 4*b - 4*q - 16 = 0. Let d = k - b. What is the units digit of d?
1
Suppose -6 = 4*x - 3*x. What is the tens digit of (-80)/x - (-6)/9?
1
Suppose r = 1 + 4. Suppose -r*v - 24 = -64. Suppose -4*q + 44 = v. What is the units digit of q?
9
Let l(w) = 12*w - 1. Let y be l(-1). Let q = 19 + y. What is the units digit of q?
6
Suppose 2*i + 5*d = 95, 5*d + 209 = 5*i - 11. What is the tens digit of i?
4
Let i = 63 - 21. What is the tens digit of (i/(-4))/((-2)/8)?
4
Suppose -4*i = -2*i. Suppose 3 = -3*w - i*w. What is the units digit of (3 - 0/w) + -1?
2
Let j = -8 - -14. Suppose 4*l = 3*k - 23, 0 = -j*k + 3*k - 3*l - 12. What is the units digit of 2*(2 - k) - -4?
6
Let a(d) be the third derivative of d**6/120 + d**5/10 + d**4/12 + d**3/6 - 5*d**2. What is the tens digit of a(-4)?
2
Let p = 210 + -123. What is the units digit of p?
7
Let r be 1 - -2*1*1. Suppose -5*p + a - r*a + 28 = 0, p - 11 = 5*a. What is the units digit of p?
6
Suppose 2*s - 3*s + 3*u = -31, -s = 5*u - 39. Let g = 47 - s. Let q = -8 + g. What is the units digit of q?
5
Let p(g) = -4*g + 28. Let d(n) = -n + 9. Let r(s) = 7*d(s) - 2*p(s). Let j = -6 + 11. What is the tens digit of r(j)?
1
Suppose 3*h - 7*h = -20. What is the units digit of h?
5
Let j = 108 + 82. What is the units digit of j?
0
Let n be (3/(-2))/((-2)/4). Suppose -g + 19 = n*u, 2*g - 2*u = u + 47. What is the units digit of g?
2
Let h(o) = o**2 + 9*o - 13. Let l be h(-9). Suppose 44 = 3*c - 5*z, -2*c + 4*z + 27 + 1 = 0. Let x = c + l. What is the units digit of x?
5
Let l = 4 + -5. Let w(y) = 4*y**2 - 1. What is the units digit of w(l)?
3
Suppose -14 = -5*z - 5*y + 26, -3*y + 28 = 4*z. Let w be ((-6)/z)/(8/(-288)). Suppose -3*o - 2*m + 45 = 0, -5*m = -o + 4*o - w. What is the tens digit of o?
1
Suppose -2*g - 100 = -7*g. Suppose 0 = -c - 2, -2*c - g = -4*a - 0*a. Suppose 3*j + 5*b = 3*b + 17, 21 = a*j + b. What is the units digit of j?
5
What is the units digit of (-477)/6*(-2)/3?
3
What is the units digit of ((-5)/(-3))/(-5)*-3?
1
Suppose -6 = -2*j, 24 = 5*u - 5*j - 26. What is the units digit of u?
3
Suppose -2*o - 12 = -o. Let s = o - -22. What is the units digit of (-4)/s + (-84)/(-10)?
8
Let t = -7 - -9. Suppose 0 = -r - 2*f + f + 43, t*f = 2*r - 70. What is the tens digit of r?
3
Let g = 60 + -24. What is the units digit of g?
6
Let v be 3/(1*9/12). Let a be (1 + 0)/(2/v). Suppose -a*g = -3*g + 5. What is the units digit of g?
5
Suppose 20 = 6*c - c. Suppose -3*k + c = -38. What is the tens digit of k?
1
Let i(l) = -12*l + 4. What is the units digit of i(-6)?
6
Let c(d) = d**3 - 7*d**2 - 7*d + 5. Let k(n) be the second derivative of n**3/6 + 4*n**2 - n. Let a be k(